{"id":238385,"date":"2021-12-21T18:08:02","date_gmt":"2021-12-21T17:08:02","guid":{"rendered":"https:\/\/dev.sjas.ch\/diventare-monitrice-o-monitore\/"},"modified":"2025-06-12T14:27:21","modified_gmt":"2025-06-12T12:27:21","slug":"diventare-monitrice-o-monitore","status":"publish","type":"page","link":"https:\/\/sjas.ch\/it\/diventare-monitrice-o-monitore\/","title":{"rendered":"Diventare monitrice o monitore"},"content":{"rendered":"<p>[et_pb_section fb_built=&#8221;1&#8243; _builder_version=&#8221;4.16&#8243; _module_preset=&#8221;default&#8221; background_color=&#8221;#FFFFFF&#8221; global_colors_info=&#8221;{}&#8221;][et_pb_row _builder_version=&#8221;4.16&#8243; _module_preset=&#8221;default&#8221; global_colors_info=&#8221;{}&#8221;][et_pb_column type=&#8221;4_4&#8243; _builder_version=&#8221;4.16&#8243; _module_preset=&#8221;default&#8221; global_colors_info=&#8221;{}&#8221;][et_pb_text _builder_version=&#8221;4.27.4&#8243; _module_preset=&#8221;default&#8221; header_font_size=&#8221;80px&#8221; hover_enabled=&#8221;0&#8243; global_colors_info=&#8221;{}&#8221; sticky_enabled=&#8221;0&#8243;]<\/p>\n<h1 style=\"text-align: center;\">Diventare monitrice o monitore<\/h1>\n<p style=\"text-align: center;\">Organizza campi di vacanza in Svizzera<\/p>\n<p>[\/et_pb_text][\/et_pb_column][\/et_pb_row][et_pb_row _builder_version=&#8221;4.16&#8243; _module_preset=&#8221;default&#8221; global_colors_info=&#8221;{}&#8221;][et_pb_column type=&#8221;4_4&#8243; _builder_version=&#8221;4.16&#8243; _module_preset=&#8221;default&#8221; global_colors_info=&#8221;{}&#8221;][et_pb_text _builder_version=&#8221;4.23.4&#8243; _module_preset=&#8221;default&#8221; global_colors_info=&#8221;{}&#8221;]<\/p>\n<p>LA SJAS ricerca ogni anno giovani adulti motivati per ricoprire le funzioni di capocampo, monitrice o monitore oppure cuoca o cuoco per i nostri campi di vacanza estivi e invernali. Con il tuo contributo personale puoi contribuire anche tu a far s\u00ec che i giovani svizzeri all\u2019estero possano trascorrere una vacanza indimenticabile in Svizzera.<\/p>\n<p>[\/et_pb_text][\/et_pb_column][\/et_pb_row][\/et_pb_section][et_pb_section fb_built=&#8221;1&#8243; _builder_version=&#8221;4.16&#8243; _module_preset=&#8221;default&#8221; background_color=&#8221;rgba(10,10,10,0.06)&#8221; global_colors_info=&#8221;{}&#8221;][et_pb_row column_structure=&#8221;1_2,1_2&#8243; _builder_version=&#8221;4.16&#8243; _module_preset=&#8221;default&#8221; global_colors_info=&#8221;{}&#8221;][et_pb_column type=&#8221;1_2&#8243; _builder_version=&#8221;4.16&#8243; _module_preset=&#8221;default&#8221; global_colors_info=&#8221;{}&#8221;][et_pb_image src=&#8221;http:\/\/sjas.ch\/wp-content\/uploads\/2021\/11\/smiley-rgb.svg&#8221; title_text=&#8221;smiley-rgb&#8221; _builder_version=&#8221;4.16&#8243; _module_preset=&#8221;079d8414-f781-439d-b599-d7aaf3414194&#8243; global_colors_info=&#8221;{}&#8221;][\/et_pb_image][et_pb_text _builder_version=&#8221;4.16&#8243; _module_preset=&#8221;default&#8221; global_colors_info=&#8221;{}&#8221;]<\/p>\n<h2>\u00a0La SJAS ti propone<\/h2>\n<ul>\n<li>nove campi di vacanza estivi (da fine giugno a fine agosto) e un campo di vacanza invernale (da fine dicembre a inizio gennaio) ogni anno, dove potrai svolgere le funzioni di capocampo, monitrice o monitore oppure di cuoca o cuoco.<\/li>\n<li>una possibilit\u00e0 unica in tutta la Svizzera per svolgere attivit\u00e0 di volontariato in una comunit\u00e0 di vacanza multiculturale e multilingue.<\/li>\n<li>l\u2019opportunit\u00e0 di prestare il <a href=\"https:\/\/sjas.ch\/it\/servizio-civile\/\">servizio civile<\/a> nei nostri campi di vacanza.<\/li>\n<li>un\u2019indennit\u00e0 giornaliera compresa tra CHF 50.\u2013 e 100.\u2013 al giorno pi\u00f9 la copertura dei costi per vitto e alloggio ed eventuali spese durante la tua permanenza nel campo di vacanza.<\/li>\n<li>formazione e perfezionamento per le tue attivit\u00e0 di monitrice o monitore.<\/li>\n<\/ul>\n<p>[\/et_pb_text][\/et_pb_column][et_pb_column type=&#8221;1_2&#8243; _builder_version=&#8221;4.16&#8243; _module_preset=&#8221;default&#8221; global_colors_info=&#8221;{}&#8221;][et_pb_image src=&#8221;http:\/\/sjas.ch\/wp-content\/uploads\/2021\/11\/fahne-rgb.svg&#8221; title_text=&#8221;fahne-rgb&#8221; _builder_version=&#8221;4.16&#8243; _module_preset=&#8221;079d8414-f781-439d-b599-d7aaf3414194&#8243; global_colors_info=&#8221;{}&#8221;][\/et_pb_image][et_pb_text _builder_version=&#8221;4.27.4&#8243; _module_preset=&#8221;default&#8221; global_colors_info=&#8221;{}&#8221;]<\/p>\n<h2>La SJAS richiede che la monitrice o il monitore<\/h2>\n<ul>\n<li>abbia almeno 18 anni.<\/li>\n<li>parli fluentemente almeno due delle lingue del nostro campo di vacanza (tedesco, francese, italiano, spagnolo o inglese).<\/li>\n<li>vivi in Svizzera oppure sei uno\u00b7a Svizzero\u00b7a all\u2019estero.<\/li>\n<li>lavori volentieri con i giovani (da 8 a 14 anni).<\/li>\n<li>sia affidabile, socievole, flessibile e dimostri spirito di squadra.<\/li>\n<li>sia disponibile a pianificare e condurre un campo vacanza in un team eterogeneo di monitrici svizzere e monitori svizzeri che vivono all\u2019estero.<\/li>\n<li>sia disponibile a creare un programma di vacanza vario e adatto alle esigenze e all\u2019et\u00e0 dei partecipanti.<\/li>\n<\/ul>\n<p>[\/et_pb_text][\/et_pb_column][\/et_pb_row][\/et_pb_section][et_pb_section fb_built=&#8221;1&#8243; _builder_version=&#8221;4.16&#8243; _module_preset=&#8221;default&#8221; background_enable_color=&#8221;off&#8221; global_colors_info=&#8221;{}&#8221;][et_pb_row _builder_version=&#8221;4.16&#8243; _module_preset=&#8221;default&#8221; global_colors_info=&#8221;{}&#8221;][et_pb_column type=&#8221;4_4&#8243; _builder_version=&#8221;4.16&#8243; _module_preset=&#8221;default&#8221; global_colors_info=&#8221;{}&#8221;][et_pb_text _builder_version=&#8221;4.27.4&#8243; _module_preset=&#8221;default&#8221; global_colors_info=&#8221;{}&#8221;]<\/p>\n<p>Per maggiori informazioni sulla funzione di monitrice o monitore puoi rivolgerti a Isabelle Stebler all\u2019indirizzo <a href=\"mailto:stebler@sjas.ch\">stebler@sjas.ch<\/a> o candidarti utilizzando il nostro modulo <a href=\"https:\/\/sjas.ch\/it\/formulario-diventare-monitrice-o-monitore\/\" target=\"_blank\" rel=\"noopener\">\u00ab<span class=\"TrackChangeTextInsertion TrackedChange SCXW221029113 BCX0\"><span class=\"TrackedChange SCXW221029113 BCX0\"><span data-contrast=\"auto\" xml:lang=\"FR-CH\" class=\"TextRun SCXW221029113 BCX0\" lang=\"FR-CH\"><span class=\"NormalTextRun SpellingErrorV2 SCXW221029113 BCX0\">Registrazione<\/span><span class=\"NormalTextRun SCXW221029113 BCX0\"><span>\u00a0<\/span>monitrice o monitore<span>\u00a0<\/span><\/span><\/span><\/span><\/span><span class=\"TrackChangeTextInsertion TrackedChange SCXW221029113 BCX0\"><span class=\"TrackedChange SCXW221029113 BCX0\"><span data-contrast=\"auto\" xml:lang=\"FR-CH\" class=\"TextRun SCXW221029113 BCX0\" lang=\"FR-CH\"><span class=\"NormalTextRun SCXW221029113 BCX0\">di un cam<\/span><\/span><\/span><\/span><span class=\"TrackChangeTextInsertion TrackedChange SCXW221029113 BCX0\"><span data-contrast=\"auto\" xml:lang=\"FR-CH\" class=\"TextRun SCXW221029113 BCX0\" lang=\"FR-CH\"><span class=\"NormalTextRun SCXW221029113 BCX0\">po di<span>\u00a0<\/span><\/span><span class=\"NormalTextRun SpellingErrorV2 SCXW221029113 BCX0\">vacanza<\/span><\/span><\/span>\u00bb<\/a>. Sar\u00e0 nostra premura ricontattarti al pi\u00f9 presto.<\/p>\n<ul><\/ul>\n<p>[\/et_pb_text][\/et_pb_column][\/et_pb_row][\/et_pb_section]<\/p>\n","protected":false},"excerpt":{"rendered":"<p>Diventare monitrice o monitore Organizza campi di vacanza in SvizzeraLA SJAS ricerca ogni anno giovani adulti motivati per ricoprire le funzioni di capocampo, monitrice o monitore oppure cuoca o cuoco per i nostri campi di vacanza estivi e invernali. Con il tuo contributo personale puoi contribuire anche tu a far s\u00ec che i giovani svizzeri [&hellip;]<\/p>\n","protected":false},"author":1,"featured_media":0,"parent":0,"menu_order":0,"comment_status":"closed","ping_status":"closed","template":"","meta":{"_et_pb_use_builder":"on","_et_pb_old_content":"","_et_gb_content_width":"","inline_featured_image":false,"footnotes":""},"class_list":["post-238385","page","type-page","status-publish","hentry"],"yoast_head":"<!-- This site is optimized with the Yoast SEO plugin v27.4 - https:\/\/yoast.com\/product\/yoast-seo-wordpress\/ -->\n<title>Diventare monitrice o monitore - SJAS<\/title>\n<meta name=\"robots\" content=\"index, follow, max-snippet:-1, max-image-preview:large, max-video-preview:-1\" \/>\n<link rel=\"canonical\" href=\"https:\/\/sjas.ch\/leiten\/\" \/>\n<meta property=\"og:locale\" content=\"it_IT\" \/>\n<meta property=\"og:type\" content=\"article\" \/>\n<meta property=\"og:title\" content=\"Diventare monitrice o monitore - SJAS\" \/>\n<meta property=\"og:description\" content=\"Diventare monitrice o monitore Organizza campi di vacanza in SvizzeraLA SJAS ricerca ogni anno giovani adulti motivati per ricoprire le funzioni di capocampo, monitrice o monitore oppure cuoca o cuoco per i nostri campi di vacanza estivi e invernali. Con il tuo contributo personale puoi contribuire anche tu a far s\u00ec che i giovani svizzeri [&hellip;]\" \/>\n<meta property=\"og:url\" content=\"https:\/\/sjas.ch\/leiten\/\" \/>\n<meta property=\"og:site_name\" content=\"SJAS\" \/>\n<meta property=\"article:modified_time\" content=\"2025-06-12T12:27:21+00:00\" \/>\n<meta name=\"twitter:card\" content=\"summary_large_image\" \/>\n<meta name=\"twitter:label1\" content=\"Tempo di lettura stimato\" \/>\n\t<meta name=\"twitter:data1\" content=\"3 minuti\" \/>\n<script type=\"application\/ld+json\" class=\"yoast-schema-graph\">{\"@context\":\"https:\\\/\\\/schema.org\",\"@graph\":[{\"@type\":\"WebPage\",\"@id\":\"https:\\\/\\\/sjas.ch\\\/leiten\\\/\",\"url\":\"https:\\\/\\\/sjas.ch\\\/leiten\\\/\",\"name\":\"Diventare monitrice o monitore - SJAS\",\"isPartOf\":{\"@id\":\"https:\\\/\\\/sjas.ch\\\/#website\"},\"datePublished\":\"2021-12-21T17:08:02+00:00\",\"dateModified\":\"2025-06-12T12:27:21+00:00\",\"breadcrumb\":{\"@id\":\"https:\\\/\\\/sjas.ch\\\/leiten\\\/#breadcrumb\"},\"inLanguage\":\"it-IT\",\"potentialAction\":[{\"@type\":\"ReadAction\",\"target\":[\"https:\\\/\\\/sjas.ch\\\/leiten\\\/\"]}]},{\"@type\":\"BreadcrumbList\",\"@id\":\"https:\\\/\\\/sjas.ch\\\/leiten\\\/#breadcrumb\",\"itemListElement\":[{\"@type\":\"ListItem\",\"position\":1,\"name\":\"Home\",\"item\":\"https:\\\/\\\/sjas.ch\\\/\"},{\"@type\":\"ListItem\",\"position\":2,\"name\":\"Diventare monitrice o monitore\"}]},{\"@type\":\"WebSite\",\"@id\":\"https:\\\/\\\/sjas.ch\\\/#website\",\"url\":\"https:\\\/\\\/sjas.ch\\\/\",\"name\":\"SJAS\",\"description\":\"\",\"potentialAction\":[{\"@type\":\"SearchAction\",\"target\":{\"@type\":\"EntryPoint\",\"urlTemplate\":\"https:\\\/\\\/sjas.ch\\\/?s={search_term_string}\"},\"query-input\":{\"@type\":\"PropertyValueSpecification\",\"valueRequired\":true,\"valueName\":\"search_term_string\"}}],\"inLanguage\":\"it-IT\"}]}<\/script>\n<!-- \/ Yoast SEO plugin. -->","yoast_head_json":{"title":"Diventare monitrice o monitore - SJAS","robots":{"index":"index","follow":"follow","max-snippet":"max-snippet:-1","max-image-preview":"max-image-preview:large","max-video-preview":"max-video-preview:-1"},"canonical":"https:\/\/sjas.ch\/leiten\/","og_locale":"it_IT","og_type":"article","og_title":"Diventare monitrice o monitore - SJAS","og_description":"Diventare monitrice o monitore Organizza campi di vacanza in SvizzeraLA SJAS ricerca ogni anno giovani adulti motivati per ricoprire le funzioni di capocampo, monitrice o monitore oppure cuoca o cuoco per i nostri campi di vacanza estivi e invernali. Con il tuo contributo personale puoi contribuire anche tu a far s\u00ec che i giovani svizzeri [&hellip;]","og_url":"https:\/\/sjas.ch\/leiten\/","og_site_name":"SJAS","article_modified_time":"2025-06-12T12:27:21+00:00","twitter_card":"summary_large_image","twitter_misc":{"Tempo di lettura stimato":"3 minuti"},"schema":{"@context":"https:\/\/schema.org","@graph":[{"@type":"WebPage","@id":"https:\/\/sjas.ch\/leiten\/","url":"https:\/\/sjas.ch\/leiten\/","name":"Diventare monitrice o monitore - SJAS","isPartOf":{"@id":"https:\/\/sjas.ch\/#website"},"datePublished":"2021-12-21T17:08:02+00:00","dateModified":"2025-06-12T12:27:21+00:00","breadcrumb":{"@id":"https:\/\/sjas.ch\/leiten\/#breadcrumb"},"inLanguage":"it-IT","potentialAction":[{"@type":"ReadAction","target":["https:\/\/sjas.ch\/leiten\/"]}]},{"@type":"BreadcrumbList","@id":"https:\/\/sjas.ch\/leiten\/#breadcrumb","itemListElement":[{"@type":"ListItem","position":1,"name":"Home","item":"https:\/\/sjas.ch\/"},{"@type":"ListItem","position":2,"name":"Diventare monitrice o monitore"}]},{"@type":"WebSite","@id":"https:\/\/sjas.ch\/#website","url":"https:\/\/sjas.ch\/","name":"SJAS","description":"","potentialAction":[{"@type":"SearchAction","target":{"@type":"EntryPoint","urlTemplate":"https:\/\/sjas.ch\/?s={search_term_string}"},"query-input":{"@type":"PropertyValueSpecification","valueRequired":true,"valueName":"search_term_string"}}],"inLanguage":"it-IT"}]}},"_links":{"self":[{"href":"https:\/\/sjas.ch\/it\/wp-json\/wp\/v2\/pages\/238385","targetHints":{"allow":["GET"]}}],"collection":[{"href":"https:\/\/sjas.ch\/it\/wp-json\/wp\/v2\/pages"}],"about":[{"href":"https:\/\/sjas.ch\/it\/wp-json\/wp\/v2\/types\/page"}],"author":[{"embeddable":true,"href":"https:\/\/sjas.ch\/it\/wp-json\/wp\/v2\/users\/1"}],"replies":[{"embeddable":true,"href":"https:\/\/sjas.ch\/it\/wp-json\/wp\/v2\/comments?post=238385"}],"version-history":[{"count":15,"href":"https:\/\/sjas.ch\/it\/wp-json\/wp\/v2\/pages\/238385\/revisions"}],"predecessor-version":[{"id":246274,"href":"https:\/\/sjas.ch\/it\/wp-json\/wp\/v2\/pages\/238385\/revisions\/246274"}],"wp:attachment":[{"href":"https:\/\/sjas.ch\/it\/wp-json\/wp\/v2\/media?parent=238385"}],"curies":[{"name":"wp","href":"https:\/\/api.w.org\/{rel}","templated":true}]}}

<p>[et_pb_section fb_built=&#8221;1&#8243; _builder_version=&#8221;4.16&#8243; _module_preset=&#8221;default&#8221; background_color=&#8221;#FFFFFF&#8221; global_colors_info=&#8221;{}&#8221;][et_pb_row _builder_version=&#8221;4.16&#8243; _module_preset=&#8221;default&#8221; global_colors_info=&#8221;{}&#8221;][et_pb_column type=&#8221;4_4&#8243; _builder_version=&#8221;4.16&#8243; _module_preset=&#8221;default&#8221; global_colors_info=&#8221;{}&#8221;][et_pb_text _builder_version=&#8221;4.27.4&#8243; _module_preset=&#8221;default&#8221; header_font_size=&#8221;80px&#8221; hover_enabled=&#8221;0&#8243; global_colors_info=&#8221;{}&#8221; sticky_enabled=&#8221;0&#8243;]</p>
<h1 style="text-align: center;">Diventare monitrice o monitore</h1>
<p style="text-align: center;">Organizza campi di vacanza in Svizzera</p>
<p>[/et_pb_text][/et_pb_column][/et_pb_row][et_pb_row _builder_version=&#8221;4.16&#8243; _module_preset=&#8221;default&#8221; global_colors_info=&#8221;{}&#8221;][et_pb_column type=&#8221;4_4&#8243; _builder_version=&#8221;4.16&#8243; _module_preset=&#8221;default&#8221; global_colors_info=&#8221;{}&#8221;][et_pb_text _builder_version=&#8221;4.23.4&#8243; _module_preset=&#8221;default&#8221; global_colors_info=&#8221;{}&#8221;]</p>
<p>LA SJAS ricerca ogni anno giovani adulti motivati per ricoprire le funzioni di capocampo, monitrice o monitore oppure cuoca o cuoco per i nostri campi di vacanza estivi e invernali. Con il tuo contributo personale puoi contribuire anche tu a far sì che i giovani svizzeri all’estero possano trascorrere una vacanza indimenticabile in Svizzera.</p>
<p>[/et_pb_text][/et_pb_column][/et_pb_row][/et_pb_section][et_pb_section fb_built=&#8221;1&#8243; _builder_version=&#8221;4.16&#8243; _module_preset=&#8221;default&#8221; background_color=&#8221;rgba(10,10,10,0.06)&#8221; global_colors_info=&#8221;{}&#8221;][et_pb_row column_structure=&#8221;1_2,1_2&#8243; _builder_version=&#8221;4.16&#8243; _module_preset=&#8221;default&#8221; global_colors_info=&#8221;{}&#8221;][et_pb_column type=&#8221;1_2&#8243; _builder_version=&#8221;4.16&#8243; _module_preset=&#8221;default&#8221; global_colors_info=&#8221;{}&#8221;][et_pb_image src=&#8221;http://sjas.ch/wp-content/uploads/2021/11/smiley-rgb.svg&#8221; title_text=&#8221;smiley-rgb&#8221; _builder_version=&#8221;4.16&#8243; _module_preset=&#8221;079d8414-f781-439d-b599-d7aaf3414194&#8243; global_colors_info=&#8221;{}&#8221;][/et_pb_image][et_pb_text _builder_version=&#8221;4.16&#8243; _module_preset=&#8221;default&#8221; global_colors_info=&#8221;{}&#8221;]</p>
<h2> La SJAS ti propone</h2>
<ul>
<li>nove campi di vacanza estivi (da fine giugno a fine agosto) e un campo di vacanza invernale (da fine dicembre a inizio gennaio) ogni anno, dove potrai svolgere le funzioni di capocampo, monitrice o monitore oppure di cuoca o cuoco.</li>
<li>una possibilità unica in tutta la Svizzera per svolgere attività di volontariato in una comunità di vacanza multiculturale e multilingue.</li>
<li>l’opportunità di prestare il <a href="https://sjas.ch/it/servizio-civile/">servizio civile</a> nei nostri campi di vacanza.</li>
<li>un’indennità giornaliera compresa tra CHF 50.– e 100.– al giorno più la copertura dei costi per vitto e alloggio ed eventuali spese durante la tua permanenza nel campo di vacanza.</li>
<li>formazione e perfezionamento per le tue attività di monitrice o monitore.</li>
</ul>
<p>[/et_pb_text][/et_pb_column][et_pb_column type=&#8221;1_2&#8243; _builder_version=&#8221;4.16&#8243; _module_preset=&#8221;default&#8221; global_colors_info=&#8221;{}&#8221;][et_pb_image src=&#8221;http://sjas.ch/wp-content/uploads/2021/11/fahne-rgb.svg&#8221; title_text=&#8221;fahne-rgb&#8221; _builder_version=&#8221;4.16&#8243; _module_preset=&#8221;079d8414-f781-439d-b599-d7aaf3414194&#8243; global_colors_info=&#8221;{}&#8221;][/et_pb_image][et_pb_text _builder_version=&#8221;4.27.4&#8243; _module_preset=&#8221;default&#8221; global_colors_info=&#8221;{}&#8221;]</p>
<h2>La SJAS richiede che la monitrice o il monitore</h2>
<ul>
<li>abbia almeno 18 anni.</li>
<li>parli fluentemente almeno due delle lingue del nostro campo di vacanza (tedesco, francese, italiano, spagnolo o inglese).</li>
<li>vivi in Svizzera oppure sei uno·a Svizzero·a all’estero.</li>
<li>lavori volentieri con i giovani (da 8 a 14 anni).</li>
<li>sia affidabile, socievole, flessibile e dimostri spirito di squadra.</li>
<li>sia disponibile a pianificare e condurre un campo vacanza in un team eterogeneo di monitrici svizzere e monitori svizzeri che vivono all’estero.</li>
<li>sia disponibile a creare un programma di vacanza vario e adatto alle esigenze e all’età dei partecipanti.</li>
</ul>
<p>[/et_pb_text][/et_pb_column][/et_pb_row][/et_pb_section][et_pb_section fb_built=&#8221;1&#8243; _builder_version=&#8221;4.16&#8243; _module_preset=&#8221;default&#8221; background_enable_color=&#8221;off&#8221; global_colors_info=&#8221;{}&#8221;][et_pb_row _builder_version=&#8221;4.16&#8243; _module_preset=&#8221;default&#8221; global_colors_info=&#8221;{}&#8221;][et_pb_column type=&#8221;4_4&#8243; _builder_version=&#8221;4.16&#8243; _module_preset=&#8221;default&#8221; global_colors_info=&#8221;{}&#8221;][et_pb_text _builder_version=&#8221;4.27.4&#8243; _module_preset=&#8221;default&#8221; global_colors_info=&#8221;{}&#8221;]</p>
<p>Per maggiori informazioni sulla funzione di monitrice o monitore puoi rivolgerti a Isabelle Stebler all’indirizzo <a href="mailto:stebler@sjas.ch">stebler@sjas.ch</a> o candidarti utilizzando il nostro modulo <a href="https://sjas.ch/it/formulario-diventare-monitrice-o-monitore/" target="_blank" rel="noopener">«<span class="TrackChangeTextInsertion TrackedChange SCXW221029113 BCX0"><span class="TrackedChange SCXW221029113 BCX0"><span data-contrast="auto" xml:lang="FR-CH" class="TextRun SCXW221029113 BCX0" lang="FR-CH"><span class="NormalTextRun SpellingErrorV2 SCXW221029113 BCX0">Registrazione</span><span class="NormalTextRun SCXW221029113 BCX0"><span> </span>monitrice o monitore<span> </span></span></span></span></span><span class="TrackChangeTextInsertion TrackedChange SCXW221029113 BCX0"><span class="TrackedChange SCXW221029113 BCX0"><span data-contrast="auto" xml:lang="FR-CH" class="TextRun SCXW221029113 BCX0" lang="FR-CH"><span class="NormalTextRun SCXW221029113 BCX0">di un cam</span></span></span></span><span class="TrackChangeTextInsertion TrackedChange SCXW221029113 BCX0"><span data-contrast="auto" xml:lang="FR-CH" class="TextRun SCXW221029113 BCX0" lang="FR-CH"><span class="NormalTextRun SCXW221029113 BCX0">po di<span> </span></span><span class="NormalTextRun SpellingErrorV2 SCXW221029113 BCX0">vacanza</span></span></span>»</a>. Sarà nostra premura ricontattarti al più presto.</p>
<ul></ul>
<p>[/et_pb_text][/et_pb_column][/et_pb_row][/et_pb_section]</p>

<p>Diventare monitrice o monitore Organizza campi di vacanza in SvizzeraLA SJAS ricerca ogni anno giovani adulti motivati per ricoprire le funzioni di capocampo, monitrice o monitore oppure cuoca o cuoco per i nostri campi di vacanza estivi e invernali. Con il tuo contributo personale puoi contribuire anche tu a far sì che i giovani svizzeri [&hellip;]</p>

<!-- This site is optimized with the Yoast SEO plugin v27.4 - https://yoast.com/product/yoast-seo-wordpress/ -->
<title>Diventare monitrice o monitore - SJAS</title>
<meta name="robots" content="index, follow, max-snippet:-1, max-image-preview:large, max-video-preview:-1" />
<link rel="canonical" href="https://sjas.ch/leiten/" />
<meta property="og:locale" content="it_IT" />
<meta property="og:type" content="article" />
<meta property="og:title" content="Diventare monitrice o monitore - SJAS" />
<meta property="og:description" content="Diventare monitrice o monitore Organizza campi di vacanza in SvizzeraLA SJAS ricerca ogni anno giovani adulti motivati per ricoprire le funzioni di capocampo, monitrice o monitore oppure cuoca o cuoco per i nostri campi di vacanza estivi e invernali. Con il tuo contributo personale puoi contribuire anche tu a far sì che i giovani svizzeri [&hellip;]" />
<meta property="og:url" content="https://sjas.ch/leiten/" />
<meta property="og:site_name" content="SJAS" />
<meta property="article:modified_time" content="2025-06-12T12:27:21+00:00" />
<meta name="twitter:card" content="summary_large_image" />
<meta name="twitter:label1" content="Tempo di lettura stimato" />
	<meta name="twitter:data1" content="3 minuti" />
<script type="application/ld+json" class="yoast-schema-graph">{"@context":"https:\/\/schema.org","@graph":[{"@type":"WebPage","@id":"https:\/\/sjas.ch\/leiten\/","url":"https:\/\/sjas.ch\/leiten\/","name":"Diventare monitrice o monitore - SJAS","isPartOf":{"@id":"https:\/\/sjas.ch\/#website"},"datePublished":"2021-12-21T17:08:02+00:00","dateModified":"2025-06-12T12:27:21+00:00","breadcrumb":{"@id":"https:\/\/sjas.ch\/leiten\/#breadcrumb"},"inLanguage":"it-IT","potentialAction":[{"@type":"ReadAction","target":["https:\/\/sjas.ch\/leiten\/"]}]},{"@type":"BreadcrumbList","@id":"https:\/\/sjas.ch\/leiten\/#breadcrumb","itemListElement":[{"@type":"ListItem","position":1,"name":"Home","item":"https:\/\/sjas.ch\/"},{"@type":"ListItem","position":2,"name":"Diventare monitrice o monitore"}]},{"@type":"WebSite","@id":"https:\/\/sjas.ch\/#website","url":"https:\/\/sjas.ch\/","name":"SJAS","description":"","potentialAction":[{"@type":"SearchAction","target":{"@type":"EntryPoint","urlTemplate":"https:\/\/sjas.ch\/?s={search_term_string}"},"query-input":{"@type":"PropertyValueSpecification","valueRequired":true,"valueName":"search_term_string"}}],"inLanguage":"it-IT"}]}</script>
<!-- / Yoast SEO plugin. -->

Diventare monitrice o monitore Organizza campi di vacanza in SvizzeraLA SJAS ricerca ogni anno giovani adulti motivati per ricoprire le funzioni di capocampo, monitrice o monitore oppure cuoca o cuoco per i nostri campi di vacanza estivi e invernali. Con il tuo contributo personale puoi contribuire anche tu a far sì che i giovani svizzeri [&hellip;]
